[INFO] cloning repository https://github.com/BigTuna08/par_lgp2
[INFO] running `Command { std: "git" "-c" "credential.helper=" "-c" "credential.helper=/workspace/cargo-home/bin/git-credential-null" "clone" "--bare" "https://github.com/BigTuna08/par_lgp2" "/workspace/cache/git-repos/https%3A%2F%2Fgithub.com%2FBigTuna08%2Fpar_lgp2", kill_on_drop: false }`
[INFO] [stderr] Cloning into bare repository '/workspace/cache/git-repos/https%3A%2F%2Fgithub.com%2FBigTuna08%2Fpar_lgp2'...
[INFO] running `Command { std: "git" "rev-parse" "HEAD", kill_on_drop: false }`
[INFO] [stdout] 7a11601ec3dcce6dc02ffa5ee9bd81081f838b3f
[INFO] building BigTuna08/par_lgp2 against master#ff34b919075f35a1787659e9c448a34b06bab8de for issue-85264
[INFO] running `Command { std: "git" "clone" "/workspace/cache/git-repos/https%3A%2F%2Fgithub.com%2FBigTuna08%2Fpar_lgp2" "/workspace/builds/worker-1/source", kill_on_drop: false }`
[INFO] [stderr] Cloning into '/workspace/builds/worker-1/source'...
[INFO] [stderr] done.
[INFO] validating manifest of git repo https://github.com/BigTuna08/par_lgp2 on toolchain ff34b919075f35a1787659e9c448a34b06bab8de
[INFO] running `Command { std: "/workspace/cargo-home/bin/cargo" "+ff34b919075f35a1787659e9c448a34b06bab8de" "metadata" "--manifest-path" "Cargo.toml" "--no-deps", kill_on_drop: false }`
[INFO] started tweaking git repo https://github.com/BigTuna08/par_lgp2
[INFO] finished tweaking git repo https://github.com/BigTuna08/par_lgp2
[INFO] tweaked toml for git repo https://github.com/BigTuna08/par_lgp2 written to /workspace/builds/worker-1/source/Cargo.toml
[INFO] crate git repo https://github.com/BigTuna08/par_lgp2 already has a lockfile, it will not be regenerated
[INFO] running `Command { std: "/workspace/cargo-home/bin/cargo" "+ff34b919075f35a1787659e9c448a34b06bab8de" "fetch" "--manifest-path" "Cargo.toml", kill_on_drop: false }`
[INFO] running `Command { std: "docker" "create" "-v" "/var/lib/crater-agent-workspace/builds/worker-1/target:/opt/rustwide/target:rw,Z" "-v" "/var/lib/crater-agent-workspace/builds/worker-1/source:/opt/rustwide/workdir:ro,Z" "-v" "/var/lib/crater-agent-workspace/cargo-home:/opt/rustwide/cargo-home:ro,Z" "-v" "/var/lib/crater-agent-workspace/rustup-home:/opt/rustwide/rustup-home:ro,Z" "-e" "SOURCE_DIR=/opt/rustwide/workdir" "-e" "CARGO_TARGET_DIR=/opt/rustwide/target" "-e" "CARGO_HOME=/opt/rustwide/cargo-home" "-e" "RUSTUP_HOME=/opt/rustwide/rustup-home" "-w" "/opt/rustwide/workdir" "-m" "1610612736" "--user" "0:0" "--network" "none" "ghcr.io/rust-lang/crates-build-env/linux@sha256:20528e8c29e4536546f0102ce88568b16ea7538393a33fcca951030f7af10457" "/opt/rustwide/cargo-home/bin/cargo" "+ff34b919075f35a1787659e9c448a34b06bab8de" "metadata" "--no-deps" "--format-version=1", kill_on_drop: false }`
[INFO] [stderr] WARNING: Your kernel does not support swap limit capabilities or the cgroup is not mounted. Memory limited without swap.
[INFO] [stdout] eef4e2ad263fe8b52e8c90d4c82ed6406c3873973919097518dc21a3fdf60f2f
[INFO] running `Command { std: "docker" "start" "-a" "eef4e2ad263fe8b52e8c90d4c82ed6406c3873973919097518dc21a3fdf60f2f", kill_on_drop: false }`
[INFO] running `Command { std: "docker" "inspect" "eef4e2ad263fe8b52e8c90d4c82ed6406c3873973919097518dc21a3fdf60f2f", kill_on_drop: false }`
[INFO] running `Command { std: "docker" "rm" "-f" "eef4e2ad263fe8b52e8c90d4c82ed6406c3873973919097518dc21a3fdf60f2f", kill_on_drop: false }`
[INFO] [stdout] eef4e2ad263fe8b52e8c90d4c82ed6406c3873973919097518dc21a3fdf60f2f
[INFO] running `Command { std: "docker" "create" "-v" "/var/lib/crater-agent-workspace/builds/worker-1/target:/opt/rustwide/target:rw,Z" "-v" "/var/lib/crater-agent-workspace/builds/worker-1/source:/opt/rustwide/workdir:ro,Z" "-v" "/var/lib/crater-agent-workspace/cargo-home:/opt/rustwide/cargo-home:ro,Z" "-v" "/var/lib/crater-agent-workspace/rustup-home:/opt/rustwide/rustup-home:ro,Z" "-e" "SOURCE_DIR=/opt/rustwide/workdir" "-e" "CARGO_TARGET_DIR=/opt/rustwide/target" "-e" "CARGO_INCREMENTAL=0" "-e" "RUST_BACKTRACE=full" "-e" "RUSTFLAGS=--cap-lints=forbid" "-e" "CARGO_HOME=/opt/rustwide/cargo-home" "-e" "RUSTUP_HOME=/opt/rustwide/rustup-home" "-w" "/opt/rustwide/workdir" "-m" "1610612736" "--user" "0:0" "--network" "none" "ghcr.io/rust-lang/crates-build-env/linux@sha256:20528e8c29e4536546f0102ce88568b16ea7538393a33fcca951030f7af10457" "/opt/rustwide/cargo-home/bin/cargo" "+ff34b919075f35a1787659e9c448a34b06bab8de" "build" "--frozen" "--message-format=json", kill_on_drop: false }`
[INFO] [stderr] WARNING: Your kernel does not support swap limit capabilities or the cgroup is not mounted. Memory limited without swap.
[INFO] [stdout] 5e10720c7ba087e399464c721d43714e8b9a478bb3544d7e4271e6bc141ae3e6
[INFO] running `Command { std: "docker" "start" "-a" "5e10720c7ba087e399464c721d43714e8b9a478bb3544d7e4271e6bc141ae3e6", kill_on_drop: false }`
[INFO] [stderr]     Blocking waiting for file lock on package cache
[INFO] [stderr]    Compiling libc v0.2.43
[INFO] [stderr]    Compiling serde v1.0.76
[INFO] [stderr]    Compiling indexmap v1.0.1
[INFO] [stderr]    Compiling memchr v2.0.2
[INFO] [stderr]    Compiling time v0.1.40
[INFO] [stderr]    Compiling rand v0.5.5
[INFO] [stderr]    Compiling csv-core v0.1.4
[INFO] [stderr]    Compiling csv v1.0.1
[INFO] [stderr]    Compiling par_lgp2 v0.1.0 (/opt/rustwide/workdir)
[INFO] [stdout] warning: unused import: `evo_sys::eval::registers::PROG_REG`
[INFO] [stdout]  --> src/evo_sys/prog/prog.rs:5:5
[INFO] [stdout]   |
[INFO] [stdout] 5 | use evo_sys::eval::registers::PROG_REG;
[INFO] [stdout]   |     ^^^^^^^^^^^^^^^^^^^^^^^^^^^^^^^^^^
[INFO] [stdout]   |
[INFO] [stdout]   = note: `#[warn(unused_imports)]` on by default
[INFO] [stdout] 
[INFO] [stdout] 
[INFO] [stdout] warning: unused import: `std::fs::File`
[INFO] [stdout]  --> src/evo_sys/prog/prog.rs:8:5
[INFO] [stdout]   |
[INFO] [stdout] 8 | use std::fs::File;
[INFO] [stdout]   |     ^^^^^^^^^^^^^
[INFO] [stdout] 
[INFO] [stdout] 
[INFO] [stdout] warning: unused import: `std::io::Write`
[INFO] [stdout]  --> src/evo_sys/prog/prog.rs:9:5
[INFO] [stdout]   |
[INFO] [stdout] 9 | use std::io::Write;
[INFO] [stdout]   |     ^^^^^^^^^^^^^^
[INFO] [stdout] 
[INFO] [stdout] 
[INFO] [stdout] warning: unused import: `data::params::N_FEATURES`
[INFO] [stdout]   --> src/evo_sys/prog/prog.rs:16:5
[INFO] [stdout]    |
[INFO] [stdout] 16 | use data::params::N_FEATURES;
[INFO] [stdout]    |     ^^^^^^^^^^^^^^^^^^^^^^^^
[INFO] [stdout] 
[INFO] [stdout] 
[INFO] [stdout] warning: unused imports: `FeatIndType`, `RegIndType`
[INFO] [stdout]   --> src/evo_sys/prog/prog.rs:17:12
[INFO] [stdout]    |
[INFO] [stdout] 17 | use core::{RegIndType, FeatIndType};
[INFO] [stdout]    |            ^^^^^^^^^^  ^^^^^^^^^^^
[INFO] [stdout] 
[INFO] [stdout] 
[INFO] [stdout] warning: unused imports: `FeatIndType`, `RegIndType`
[INFO] [stdout]  --> src/evo_sys/prog/mutation.rs:7:12
[INFO] [stdout]   |
[INFO] [stdout] 7 | use core::{FeatIndType, RegIndType};
[INFO] [stdout]   |            ^^^^^^^^^^^  ^^^^^^^^^^
[INFO] [stdout] 
[INFO] [stdout] 
[INFO] [stdout] warning: unused import: `std::collections::VecDeque`
[INFO] [stdout]   --> src/evo_sys/prog/mutation.rs:10:5
[INFO] [stdout]    |
[INFO] [stdout] 10 | use std::collections::VecDeque;
[INFO] [stdout]    |     ^^^^^^^^^^^^^^^^^^^^^^^^^^
[INFO] [stdout] 
[INFO] [stdout] 
[INFO] [stdout] warning: unused import: `InstructionResult`
[INFO] [stdout]  --> src/evo_sys/prog/instr.rs:2:37
[INFO] [stdout]   |
[INFO] [stdout] 2 | use evo_sys::{Program, Instruction, InstructionResult, InstructionType};
[INFO] [stdout]   |                                     ^^^^^^^^^^^^^^^^^
[INFO] [stdout] 
[INFO] [stdout] 
[INFO] [stdout] warning: unused import: `core::config::ProgDefaults`
[INFO] [stdout]  --> src/evo_sys/prog/instr.rs:5:5
[INFO] [stdout]   |
[INFO] [stdout] 5 | use core::config::ProgDefaults;
[INFO] [stdout]   |     ^^^^^^^^^^^^^^^^^^^^^^^^^^
[INFO] [stdout] 
[INFO] [stdout] 
[INFO] [stdout] warning: unused import: `params::params::MAX_REGS`
[INFO] [stdout]  --> src/evo_sys/prog/instr.rs:6:5
[INFO] [stdout]   |
[INFO] [stdout] 6 | use params::params::MAX_REGS;
[INFO] [stdout]   |     ^^^^^^^^^^^^^^^^^^^^^^^^
[INFO] [stdout] 
[INFO] [stdout] 
[INFO] [stdout] warning: unused import: `core::RegIndType`
[INFO] [stdout]  --> src/evo_sys/prog/instr.rs:7:5
[INFO] [stdout]   |
[INFO] [stdout] 7 | use core::RegIndType;
[INFO] [stdout]   |     ^^^^^^^^^^^^^^^^
[INFO] [stdout] 
[INFO] [stdout] 
[INFO] [stdout] warning: unused import: `Instruction`
[INFO] [stdout]  --> src/evo_sys/pop/results_map.rs:2:35
[INFO] [stdout]   |
[INFO] [stdout] 2 | use evo_sys::{ResultMap, Program, Instruction, ProgInspectRequest};
[INFO] [stdout]   |                                   ^^^^^^^^^^^
[INFO] [stdout] 
[INFO] [stdout] 
[INFO] [stdout] warning: unused import: `evo_sys::params as evo_params`
[INFO] [stdout]  --> src/evo_sys/pop/results_map.rs:4:5
[INFO] [stdout]   |
[INFO] [stdout] 4 | use evo_sys::params as evo_params;
[INFO] [stdout]   |     ^^^^^^^^^^^^^^^^^^^^^^^^^^^^^
[INFO] [stdout] 
[INFO] [stdout] 
[INFO] [stdout] warning: unused import: `thread_rng`
[INFO] [stdout]   --> src/evo_sys/pop/results_map.rs:11:17
[INFO] [stdout]    |
[INFO] [stdout] 11 | use rand::{Rng, thread_rng};
[INFO] [stdout]    |                 ^^^^^^^^^^
[INFO] [stdout] 
[INFO] [stdout] 
[INFO] [stdout] warning: unused import: `std::collections::VecDeque`
[INFO] [stdout]   --> src/evo_sys/pop/results_map.rs:12:5
[INFO] [stdout]    |
[INFO] [stdout] 12 | use std::collections::VecDeque;
[INFO] [stdout]    |     ^^^^^^^^^^^^^^^^^^^^^^^^^^
[INFO] [stdout] 
[INFO] [stdout] 
[INFO] [stdout] warning: unused import: `Instruction`
[INFO] [stdout]  --> src/evo_sys/pop/cvt_map.rs:2:32
[INFO] [stdout]   |
[INFO] [stdout] 2 | use evo_sys::{CVTMap, Program, Instruction, ProgInspectRequest};
[INFO] [stdout]   |                                ^^^^^^^^^^^
[INFO] [stdout] 
[INFO] [stdout] 
[INFO] [stdout] warning: unused import: `evo_sys::params as evo_params`
[INFO] [stdout]  --> src/evo_sys/pop/cvt_map.rs:4:5
[INFO] [stdout]   |
[INFO] [stdout] 4 | use evo_sys::params as evo_params;
[INFO] [stdout]   |     ^^^^^^^^^^^^^^^^^^^^^^^^^^^^^
[INFO] [stdout] 
[INFO] [stdout] 
[INFO] [stdout] warning: unused import: `thread_rng`
[INFO] [stdout]   --> src/evo_sys/pop/cvt_map.rs:11:17
[INFO] [stdout]    |
[INFO] [stdout] 11 | use rand::{Rng, thread_rng};
[INFO] [stdout]    |                 ^^^^^^^^^^
[INFO] [stdout] 
[INFO] [stdout] 
[INFO] [stdout] warning: unused import: `std::collections::VecDeque`
[INFO] [stdout]   --> src/evo_sys/pop/cvt_map.rs:12:5
[INFO] [stdout]    |
[INFO] [stdout] 12 | use std::collections::VecDeque;
[INFO] [stdout]    |     ^^^^^^^^^^^^^^^^^^^^^^^^^^
[INFO] [stdout] 
[INFO] [stdout] 
[INFO] [stdout] warning: unused import: `std::fs::File`
[INFO] [stdout]  --> src/evo_sys/eval/eval.rs:6:5
[INFO] [stdout]   |
[INFO] [stdout] 6 | use std::fs::File;
[INFO] [stdout]   |     ^^^^^^^^^^^^^
[INFO] [stdout] 
[INFO] [stdout] 
[INFO] [stdout] warning: unused import: `std::io::Write`
[INFO] [stdout]  --> src/evo_sys/eval/eval.rs:7:5
[INFO] [stdout]   |
[INFO] [stdout] 7 | use std::io::Write;
[INFO] [stdout]   |     ^^^^^^^^^^^^^^
[INFO] [stdout] 
[INFO] [stdout] 
[INFO] [stdout] warning: unused imports: `thread`, `time`
[INFO] [stdout]  --> src/evo_sys/eval/eval.rs:8:11
[INFO] [stdout]   |
[INFO] [stdout] 8 | use std::{thread, time};
[INFO] [stdout]   |           ^^^^^^  ^^^^
[INFO] [stdout] 
[INFO] [stdout] 
[INFO] [stdout] warning: unused import: `params`
[INFO] [stdout]  --> src/evo_sys/eval/evaluator.rs:4:5
[INFO] [stdout]   |
[INFO] [stdout] 4 | use params;
[INFO] [stdout]   |     ^^^^^^
[INFO] [stdout] 
[INFO] [stdout] 
[INFO] [stdout] warning: unused import: `core::config::ThreadDefaults`
[INFO] [stdout]  --> src/evo_sys/eval/evaluator.rs:9:5
[INFO] [stdout]   |
[INFO] [stdout] 9 | use core::config::ThreadDefaults;
[INFO] [stdout]   |     ^^^^^^^^^^^^^^^^^^^^^^^^^^^^
[INFO] [stdout] 
[INFO] [stdout] 
[INFO] [stdout] warning: unused import: `std::time::Duration`
[INFO] [stdout]   --> src/evo_sys/eval/evaluator.rs:11:5
[INFO] [stdout]    |
[INFO] [stdout] 11 | use std::time::Duration;
[INFO] [stdout]    |     ^^^^^^^^^^^^^^^^^^^
[INFO] [stdout] 
[INFO] [stdout] 
[INFO] [stdout] warning: `...` range patterns are deprecated
[INFO] [stdout]    --> src/evo_sys/eval/evaluator.rs:104:15
[INFO] [stdout]     |
[INFO] [stdout] 104 |             1 ... 6 => { //get jobs if receiver not locked
[INFO] [stdout]     |               ^^^ help: use `..=` for an inclusive range
[INFO] [stdout]     |
[INFO] [stdout]     = note: `#[warn(ellipsis_inclusive_range_patterns)]` on by default
[INFO] [stdout]     = warning: this was previously accepted by the compiler but is being phased out; it will become a hard error in the 2021 edition!
[INFO] [stdout]     = note: for more information, see issue #80165 <https://github.com/rust-lang/rust/issues/80165>
[INFO] [stdout] 
[INFO] [stdout] 
[INFO] [stdout] warning: unused import: `core::config::config::process_thread_defaults`
[INFO] [stdout]  --> src/evo_sys/eval/mod.rs:8:5
[INFO] [stdout]   |
[INFO] [stdout] 8 | use core::config::config::process_thread_defaults;
[INFO] [stdout]   |     ^^^^^^^^^^^^^^^^^^^^^^^^^^^^^^^^^^^^^^^^^^^^^
[INFO] [stdout] 
[INFO] [stdout] 
[INFO] [stdout] warning: unused import: `std::collections::VecDeque`
[INFO] [stdout]   --> src/evo_sys/mod.rs:18:5
[INFO] [stdout]    |
[INFO] [stdout] 18 | use std::collections::VecDeque;
[INFO] [stdout]    |     ^^^^^^^^^^^^^^^^^^^^^^^^^^
[INFO] [stdout] 
[INFO] [stdout] 
[INFO] [stdout] warning: unused imports: `FeatIndType`, `RegIndType`
[INFO] [stdout]   --> src/evo_sys/mod.rs:20:12
[INFO] [stdout]    |
[INFO] [stdout] 20 | use core::{RegIndType, FeatIndType};
[INFO] [stdout]    |            ^^^^^^^^^^  ^^^^^^^^^^^
[INFO] [stdout] 
[INFO] [stdout] 
[INFO] [stdout] warning: trait objects without an explicit `dyn` are deprecated
[INFO] [stdout]   --> src/evo_sys/mod.rs:63:29
[INFO] [stdout]    |
[INFO] [stdout] 63 | pub type ProgramOperation = Fn(&Instruction) -> InstructionResult;
[INFO] [stdout]    |                             ^^^^^^^^^^^^^^^^^^^^^^^^^^^^^^^^^^^^^ help: use `dyn`: `dyn Fn(&Instruction) -> InstructionResult`
[INFO] [stdout]    |
[INFO] [stdout]    = note: `#[warn(bare_trait_objects)]` on by default
[INFO] [stdout]    = warning: this was previously accepted by the compiler but is being phased out; it will become a hard error in the 2021 edition!
[INFO] [stdout]    = note: for more information, see issue #80165 <https://github.com/rust-lang/rust/issues/80165>
[INFO] [stdout] 
[INFO] [stdout] 
[INFO] [stdout] warning: unused doc comment
[INFO] [stdout]   --> src/data/dataset.rs:83:9
[INFO] [stdout]    |
[INFO] [stdout] 83 |         ///             count # of cases and controls         ////
[INFO] [stdout]    |         ^^^^^^^^^^^^^^^^^^^^^^^^^^^^^^^^^^^^^^^^^^^^^^^^^^^^^^^^^^
[INFO] [stdout] 84 |         let (mut n_case, mut n_control) = (0, 0);
[INFO] [stdout]    |         ----------------------------------------- rustdoc does not generate documentation for statements
[INFO] [stdout]    |
[INFO] [stdout]    = note: `#[warn(unused_doc_comments)]` on by default
[INFO] [stdout] 
[INFO] [stdout] 
[INFO] [stdout] warning: unused imports: `GenPop`, `ProgInspectRequest`
[INFO] [stdout]  --> src/log/logger.rs:9:26
[INFO] [stdout]   |
[INFO] [stdout] 9 | use evo_sys::{ResultMap, ProgInspectRequest, GenPop, Program, Instruction, InstructionType};
[INFO] [stdout]   |                          ^^^^^^^^^^^^^^^^^^  ^^^^^^
[INFO] [stdout] 
[INFO] [stdout] 
[INFO] [stdout] warning: unused imports: `ProgDefaults`, `ThreadDefaults`
[INFO] [stdout]  --> src/core/runner.rs:2:80
[INFO] [stdout]   |
[INFO] [stdout] 2 | use core::config::{CoreConfig, PopInfo, MapInfo, GenPopInfo, ConfigFile, Mode, ProgDefaults, ThreadDefaults};
[INFO] [stdout]   |                                                                                ^^^^^^^^^^^^  ^^^^^^^^^^^^^^
[INFO] [stdout] 
[INFO] [stdout] 
[INFO] [stdout] warning: unused import: `core::config`
[INFO] [stdout]  --> src/core/config/config.rs:3:5
[INFO] [stdout]   |
[INFO] [stdout] 3 | use core::config;
[INFO] [stdout]   |     ^^^^^^^^^^^^
[INFO] [stdout] 
[INFO] [stdout] 
[INFO] [stdout] warning: trait objects without an explicit `dyn` are deprecated
[INFO] [stdout]  --> src/core/mod.rs:6:21
[INFO] [stdout]   |
[INFO] [stdout] 6 | pub type GenoEval = Fn(&Program) -> f32 + 'static;
[INFO] [stdout]   |                     ^^^^^^^^^^^^^^^^^^^^^^^^^^^^^ help: use `dyn`: `dyn Fn(&Program) -> f32 + 'static`
[INFO] [stdout]   |
[INFO] [stdout]   = warning: this was previously accepted by the compiler but is being phased out; it will become a hard error in the 2021 edition!
[INFO] [stdout]   = note: for more information, see issue #80165 <https://github.com/rust-lang/rust/issues/80165>
[INFO] [stdout] 
[INFO] [stdout] 
[INFO] [stdout] warning: use of deprecated trait `rand::distributions::Sample`: use Distribution instead
[INFO] [stdout]   --> src/evo_sys/prog/instr.rs:14:5
[INFO] [stdout]    |
[INFO] [stdout] 14 | use rand::distributions::Sample;
[INFO] [stdout]    |     ^^^^^^^^^^^^^^^^^^^^^^^^^^^
[INFO] [stdout]    |
[INFO] [stdout]    = note: `#[warn(deprecated)]` on by default
[INFO] [stdout] 
[INFO] [stdout] 
[INFO] [stdout] warning: use of deprecated associated function `rand::Rng::gen_weighted_bool`: use gen_bool instead
[INFO] [stdout]   --> src/evo_sys/prog/mutation.rs:53:35
[INFO] [stdout]    |
[INFO] [stdout] 53 |             if rand::thread_rng().gen_weighted_bool(super::super::params::MUT_INSTR_COPY_RATE){
[INFO] [stdout]    |                                   ^^^^^^^^^^^^^^^^^
[INFO] [stdout] 
[INFO] [stdout] 
[INFO] [stdout] warning: use of deprecated associated function `rand::Rng::gen_weighted_bool`: use gen_bool instead
[INFO] [stdout]   --> src/evo_sys/prog/mutation.rs:74:20
[INFO] [stdout]    |
[INFO] [stdout] 74 |             if rng.gen_weighted_bool(super::super::params::INSTR_INSERT_RATE) {
[INFO] [stdout]    |                    ^^^^^^^^^^^^^^^^^
[INFO] [stdout] 
[INFO] [stdout] 
[INFO] [stdout] warning: use of deprecated associated function `rand::Rng::gen_weighted_bool`: use gen_bool instead
[INFO] [stdout]   --> src/evo_sys/prog/mutation.rs:93:21
[INFO] [stdout]    |
[INFO] [stdout] 93 |             if !rng.gen_weighted_bool(super::super::params::INSTR_DEL_RATE) {
[INFO] [stdout]    |                     ^^^^^^^^^^^^^^^^^
[INFO] [stdout] 
[INFO] [stdout] 
[INFO] [stdout] warning: use of deprecated associated function `rand::distributions::Sample::sample`: use Distribution instead
[INFO] [stdout]    --> src/evo_sys/prog/instr.rs:156:29
[INFO] [stdout]     |
[INFO] [stdout] 156 |         let dest = dest_rng.sample(rng);
[INFO] [stdout]     |                             ^^^^^^
[INFO] [stdout] 
[INFO] [stdout] 
[INFO] [stdout] warning: use of deprecated associated function `rand::distributions::Sample::sample`: use Distribution instead
[INFO] [stdout]    --> src/evo_sys/prog/instr.rs:157:27
[INFO] [stdout]     |
[INFO] [stdout] 157 |         let op = op_range.sample(rng);
[INFO] [stdout]     |                           ^^^^^^
[INFO] [stdout] 
[INFO] [stdout] 
[INFO] [stdout] warning: use of deprecated associated function `rand::Rng::gen_weighted_bool`: use gen_bool instead
[INFO] [stdout]   --> src/evo_sys/pop/comparers.rs:25:43
[INFO] [stdout]    |
[INFO] [stdout] 25 |                 return rand::thread_rng().gen_weighted_bool(super::super::params::REPLACE_EQ_FIT);
[INFO] [stdout]    |                                           ^^^^^^^^^^^^^^^^^
[INFO] [stdout] 
[INFO] [stdout] 
[INFO] [stdout] warning: use of deprecated associated function `rand::Rng::gen_weighted_bool`: use gen_bool instead
[INFO] [stdout]   --> src/evo_sys/pop/comparers.rs:39:39
[INFO] [stdout]    |
[INFO] [stdout] 39 |             return rand::thread_rng().gen_weighted_bool(super::super::params::REPLACE_EQ_FIT);
[INFO] [stdout]    |                                       ^^^^^^^^^^^^^^^^^
[INFO] [stdout] 
[INFO] [stdout] 
[INFO] [stdout] error[E0308]: mismatched types
[INFO] [stdout]   --> src/evo_sys/pop/cvt_map.rs:61:60
[INFO] [stdout]    |
[INFO] [stdout] 61 |                 self.try_put(evaluator.next_result_wait(), &centriods);
[INFO] [stdout]    |                                                            ^^^^^^^^^^ expected struct `Vec`, found tuple
[INFO] [stdout]    |
[INFO] [stdout]    = note: expected reference `&Vec<Vec<bool>>`
[INFO] [stdout]               found reference `&(Vec<Vec<bool>>, u32)`
[INFO] [stdout] 
[INFO] [stdout] 
[INFO] [stdout] error[E0308]: mismatched types
[INFO] [stdout]   --> src/evo_sys/pop/cvt_map.rs:84:75
[INFO] [stdout]    |
[INFO] [stdout] 84 |     fn select_cell(&self, prog: &Program, centriods: &Vec<Vec<bool>>,) -> usize{
[INFO] [stdout]    |        -----------                                                        ^^^^^ expected `usize`, found `()`
[INFO] [stdout]    |        |
[INFO] [stdout]    |        implicitly returns `()` as its body has no tail or `return` expression
[INFO] [stdout] 
[INFO] [stdout] 
[INFO] [stdout] error[E0599]: no method named `compare` found for mutable reference `&mut CVTMap` in the current scope
[INFO] [stdout]   --> src/evo_sys/pop/cvt_map.rs:99:29
[INFO] [stdout]    |
[INFO] [stdout] 99 |                     if self.compare(&prog, old_prog){
[INFO] [stdout]    |                             ^^^^^^^ method not found in `&mut CVTMap`
[INFO] [stdout] 
[INFO] [stdout] 
[INFO] [stdout] error[E0061]: this function takes 2 arguments but 1 argument was supplied
[INFO] [stdout]    --> src/evo_sys/pop/cvt_map.rs:134:33
[INFO] [stdout]     |
[INFO] [stdout] 134 |                 let inds = self.select_cell(&prog);
[INFO] [stdout]     |                                 ^^^^^^^^^^^ ----- supplied 1 argument
[INFO] [stdout]     |                                 |
[INFO] [stdout]     |                                 expected 2 arguments
[INFO] [stdout]     |
[INFO] [stdout] note: associated function defined here
[INFO] [stdout]    --> src/evo_sys/pop/cvt_map.rs:84:8
[INFO] [stdout]     |
[INFO] [stdout] 84  |     fn select_cell(&self, prog: &Program, centriods: &Vec<Vec<bool>>,) -> usize{
[INFO] [stdout]     |        ^^^^^^^^^^^ -----  --------------  --------------------------
[INFO] [stdout] 
[INFO] [stdout] 
[INFO] [stdout] error: aborting due to 4 previous errors; 43 warnings emitted
[INFO] [stdout] 
[INFO] [stdout] 
[INFO] [stdout] Some errors have detailed explanations: E0061, E0308, E0599.
[INFO] [stdout] 
[INFO] [stdout] For more information about an error, try `rustc --explain E0061`.
[INFO] [stdout] 
[INFO] [stderr] error: could not compile `par_lgp2`
[INFO] [stderr] 
[INFO] [stderr] To learn more, run the command again with --verbose.
[INFO] running `Command { std: "docker" "inspect" "5e10720c7ba087e399464c721d43714e8b9a478bb3544d7e4271e6bc141ae3e6", kill_on_drop: false }`
[INFO] running `Command { std: "docker" "rm" "-f" "5e10720c7ba087e399464c721d43714e8b9a478bb3544d7e4271e6bc141ae3e6", kill_on_drop: false }`
[INFO] [stdout] 5e10720c7ba087e399464c721d43714e8b9a478bb3544d7e4271e6bc141ae3e6
